40))/((-1)/(-5)). Calculate the greatest common factor of 12 and y.
12
Suppose -3*x + 5 = -i, -i + 7 = -3*x + 3*i. Suppose 50 + 58 = x*u. What is the greatest common factor of 9 and u?
9
Let f be (68*-1)/((-16)/(-4) - 6). What is the highest common factor of 17 and f?
17
Suppose -9*r + 504 = -0*r. Calculate the highest common factor of r and 140.
28
Let l = -15 + 24. Let n(j) = -j**2 + 10*j - 4. Let q be n(l). Suppose 4*i - 38 = 42. Calculate the greatest common divisor of q and i.
5
Let d be (-2 - -3 - 3) + -3. Let t(k) = -13*k - 10. Let v be t(d). What is the highest common divisor of v and 11?
11
Suppose -8 = 2*s - 48. Let j(v) = v**3 + 14*v**2 + 34*v + 13. Let q be j(-11). Calculate the greatest common factor of q and s.
2
Let u(f) = 47*f - 5. Let g be u(1). Calculate the greatest common divisor of g and 28.
14
Suppose -3*g + 2*r = -274 + 50, -2*r - 296 = -4*g. Suppose 0 = 2*b - 2*h - 12, h + 12 = -2*b + 33. Calculate the greatest common divisor of g and b.
9
Let z = -14 - -48. Calculate the greatest common factor of 51 and z.
17
Let l(m) = 3 + 2*m - 7*m + 3*m. Let p be l(-5). Calculate the greatest common factor of 26 and p.
13
Let x be (2 + -1)*-4 + 24. What is the greatest common divisor of x and 5?
5
Let b be 25 - (-2)/4*0. Suppose -10 + 5 = -5*m, 5*a - b = 5*m. Suppose -a*v = -2*v - 308. Calculate the highest common divisor of 11 and v.
11
Let x(a) = 28 + 0*a - 2*a + 3*a - a**2. Let o be x(0). Suppose -7 = -3*g + 35. Calculate the highest common factor of g and o.
14
Let r = -110 - -121. What is the greatest common divisor of 22 and r?
11
Let w be ((-3)/9 - 0)*9. Let a = w - -7. What is the greatest common divisor of a and 36?
4
Let q be (-4)/(-6) + (-532)/(-12). Suppose 195 + q = 4*v. Suppose 52 = 4*w + 4. What is the greatest common divisor of w and v?
12
Let b = 0 + 12. Let w = -10 + b. Calculate the highest common divisor of 1 and w.
1
Suppose 65*k - 69*k = -476. Calculate the highest common divisor of 17 and k.
17
Let a = 266 - 190. Calculate the highest common factor of 114 and a.
38
Let m = 15 - 0. Let x be (-8)/6*(-18)/4. Suppose -3*z + x*z = 15. Calculate the greatest common factor of m and z.
5
Let q(c) = c + 1. Suppose 0 = 3*p - 2 - 1. Let y be q(p). Let x be (1 - y - -9)*1. Calculate the greatest common divisor of x and 8.
8
Suppose 78 - 24 = -2*a. Let d = -3 - a. Suppose -3*j - 5*v + 68 = 0, 3*v - v - 8 = 0. What is the highest common factor of d and j?
8
Suppose a - 4 = -4*s - 15, 0 = 5*a - 2*s - 33. Suppose 3*u = -2*x + 7, 2*u - 2 = -2*x + 6. Calculate the greatest common divisor of x and a.
5
Suppose -5*j = -578 + 123. What is the highest common factor of j and 13?
13
Let n(s) = s**2 - 1. Let b be n(-3). Let v = b - 5. Calculate the highest common factor of v and 3.
3
Let m(g) = -g**2 + 10*g - 5. Let n = 1 - 1. Let w = n - -9. Let j be m(w). What is the highest common factor of j and 10?
2
Suppose -4*s + 32 + 52 = 0. Suppose 39 = -2*n - s. Let b = n - -54. Calculate the greatest common divisor of 8 and b.
8
Let p = 136 - 91. Calculate the greatest common factor of 315 and p.
45
Suppose -3*i + 18 = 5*f - 6*i, 0 = f - 5*i + 14. What is the greatest common factor of 9 and f?
3
Suppose 0 = -4*m - 3*u - 26 + 89, 21 = m - u. What is the highest common factor of 12 and m?
6
Let u = -1 + -2. Let y be u + 6 - 2*-84. What is the greatest common divisor of y and 19?
19
Let z(p) = 2*p - 12 + 2*p + 3*p - 6*p. Let t be z(10). Let k be (-6)/(1*t/6). Calculate the highest common divisor of k and 162.
18
Let d(i) = 1 - 5 - 9*i + 1. Let b be d(-3). Calculate the greatest common factor of b and 3.
3
Let r be -6*((-6)/(-4))/(-3). Let m(f) = 4*f + 2. Let l be m(r). What is the greatest common divisor of l and 42?
14
Suppose 0 = 3*c + 5*d - 8, 4 = -c - 5*d + 10*d. Calculate the greatest common factor of 13 and c.
1
Suppose 4*g + 6 = 3*c, -2*g = -g - 5*c - 7. Let x be g + 1 + 0 - -65. Calculate the highest common factor of 7 and x.
7
Let y(r) = r**3 + 7*r**2 + r + 4. Let d be y(-7). Let q be d/12 + 11/(-4). Let p be (-11)/q - (-6)/(-9). What is the greatest common divisor of p and 24?
3
Suppose -4*h - r + 5*r = -124, -61 = -2*h + r. Suppose 3*o - h = -2*o. What is the greatest common divisor of 54 and o?
6
Suppose -2*o - 5 + 13 = 0. Let y(b) = 8*b + 2. Let q be y(o). What is the highest common divisor of q and 51?
17
Suppose 0 = w + 3*w - 20. Let t(v) = v + 1. Let m be t(1). What is the highest common divisor of w and m?
1
Suppose 0 = 4*b - 5*b + 645. Let v be 1/(b/(-324) + 2). Calculate the highest common factor of v and 12.
12
Let v be 4*-1*2/(-4). Let k be 1/((-81)/42 + v). Let g = -3 - -17. Calculate the greatest common factor of g and k.
14
Suppose 12*v = -8*v + 400. What is the highest common factor of v and 5?
5
Suppose -3*m - j + 42 = -0*j, 0 = -3*j. Calculate the highest common divisor of m and 126.
14
Let n be (12/8)/((-6)/(-8)). Suppose n*x - 20 = -3*r, 1 + 59 = 4*x + r. Let k = 21 - 13. Calculate the highest common factor of k and x.
8
Let a = 5 - -2. Let w = a - -16. Calculate the highest common divisor of 92 and w.
23
Let j(v) = 12*v**2 + v - 1. Let o be j(1). Calculate the highest common divisor of o and 84.
12
Let o be (-1)/3 + (-10)/(-3). Suppose o*n + 52 = 4*k, -k = -3*k - 5*n + 26. What is the greatest common divisor of k and 26?
13
Suppose 22*v - 80 = 17*v. Calculate the greatest common divisor of 8 and v.
8
Let h(u) = 10*u - 2. Let n be h(3). What is the highest common divisor of n and 224?
28
Let i(o) = 2 - 2*o**2 - o**3 + 4*o**2 + 3*o + 3*o**2 + 1. Let k be i(5). What is the greatest common factor of 162 and k?
18
Let w be 4 - (5/5 - 13). Let z be 966/15 + (-4)/10. What is the highest common divisor of z and w?
16
Let q = 86 + -1. What is the greatest common factor of q and 17?
17
Suppose -4*g + 2 = 5*q, 4*g + 3 - 17 = q. Suppose g*n = 4*x - 7*x + 36, 0 = 5*n + 3*x - 64. What is the greatest common divisor of n and 98?
14
Suppose -2*y = -7*m + 2*m + 66, 5*y = -3*m + 21. What is the greatest common divisor of 108 and m?
12
Let n(g) = -g**2 - 2*g**2 - 7 + 2*g**2. Let w be n(0). Let a(h) = -9*h - 8. Let r be a(w). What is the highest common factor of 11 and r?
11
Suppose 2*x = 5*o - 44 - 9, -44 = 2*x + 4*o. Let q be (-19)/(-3) + (-2)/6. Let t = q - x. Calculate the greatest common factor of t and 75.
15
Suppose -4*p + 12 = -3*h + 116, -2*p = 2*h - 88. Suppose -5*j + 10 = -4*j. What is the greatest common factor of h and j?
10
Let i be 1/(-4) + (-2859)/(-12). Suppose 7*k = -5*b + 2*k + 600, -2*b - 4*k = -i. Let o = 20 + -9. Calculate the greatest common divisor of b and o.
11
Suppose 0 = t + 3*t - 88. Let q = t + -21. Calculate the greatest common factor of 1 and q.
1
Let k(v) = 5*v**2 - 6*v + 37. Let r be k(7). Calculate the greatest common factor of 24 and r.
24
Let r be (3/(-2) + 2)*28. What is the highest common divisor of 56 and r?
14
Let k be (-112)/4*((-132)/(-16))/(-1). Let t(z) = -z**3 - 7*z**2 - 4*z - 7. Let o be t(-7). What is the highest common factor of o and k?
21
Let g(d) = 5*d. Let k be g(7). Suppose 0 = -2*a - a - 6, 3*c - k = a. Calculate the greatest common factor of 77 and c.
11
Let z be (4/(-2))/((-2)/55). Suppose -3 - 12 = 3*w. Let i = 27 + w. What is the highest common divisor of i and z?
11
Let z(v) = v + 26. Let m be z(-12). What is the greatest common divisor of 70 and m?
14
Suppose 3*l = -0*l + 9. Suppose 5*i - 43 = 4*r, -l*i - 2*r + 4 = -13. Suppose 23 = 8*s - 89. What is the greatest common factor of s and i?
7
Let z be (8/(-10))/(4/(-770)). Let w be (-90)/(-4) + (-3)/6. What is the greatest common factor of w and z?
22
Let o(x) = -x**2 + x + 4. Let y = 7 + -7. Let l be o(y). Suppose r + 2*h = -l*r + 41, 8 = -4*h. What is the highest common factor of 63 and r?
9
Suppose 381 = 2*j - 59. Suppose 4*a = -4*g + j, 3*g + 2*a - 170 = 4*a. What is the greatest common divisor of 8 and g?
8
Let g be (-8)/(-3)*(-18 - -3). Let s be g/(-5) + 1*3. Let p = -4 + 26. What is the greatest common factor of p and s?
11
Suppose -3*t + 278 = 2*m + 50, -5*m + 163 = 2*t. What is the highest common divisor of t and 185?
37
Let w(q) = q**3 - 2*q**2 - 5*q - 3. Let d(p) = -p**2 + 13*p - 8. Let m be d(12). Let a be w(m). Let c = 2 - -4. Calculate the greatest common factor of c and a.
3
Let l be (-1086)/(-15) - (-4)/(